1469?
6
What is the units digit of 6597?
7
What is the tens digit of 5668?
6
What is the thousands digit of 3891?
3
What is the ten thousands digit of 27864?
2
What is the units digit of 45531?
1
What is the units digit of 976?
6
What is the units digit of 5527?
7
What is the hundreds digit of 11273?
2
What is the thousands digit of 52854?
2
What is the thousands digit of 3827?
3
What is the hundreds digit of 3145?
1
What is the units digit of 17610?
0
What is the thousands digit of 26875?
6
What is the units digit of 1041?
1
What is the tens digit of 605?
0
What is the tens digit of 4811?
1
What is the tens digit of 9946?
4
What is the tens digit of 26730?
3
What is the tens digit of 25041?
4
What is the tens digit of 919?
1
What is the hundreds digit of 817?
8
What is the tens digit of 21214?
1
What is the thousands digit of 3035?
3
What is the thousands digit of 5584?
5
What is the hundreds digit of 6591?
5
What is the tens digit of 1090?
9
What is the thousands digit of 9159?
9
What is the units digit of 7724?
4
What is the hundreds digit of 463?
4
What is the units digit of 1906?
6
What is the units digit of 154?
4
What is the units digit of 118?
8
What is the tens digit of 18601?
0
What is the units digit of 2920?
0
What is the tens digit of 371?
7
What is the ten thousands digit of 31327?
3
What is the tens digit of 26196?
9
What is the hundreds digit of 2953?
9
What is the thousands digit of 42668?
2
What is the thousands digit of 2544?
2
What is the tens digit of 114938?
3
What is the tens digit of 9410?
1
What is the units digit of 52887?
7
What is the hundreds digit of 323?
3
What is the tens digit of 87424?
2
What is the thousands digit of 5822?
5
What is the hundreds digit of 109908?
9
What is the thousands digit of 32301?
2
What is the units digit of 13946?
6
What is the tens digit of 842?
4
What is the tens digit of 1949?
4
What is the thousands digit of 75212?
5
What is the hundreds digit of 1995?
9
What is the tens digit of 16218?
1
What is the units digit of 2929?
9
What is the units digit of 6596?
6
What is the ten thousands digit of 16240?
1
What is the units digit of 1899?
9
What is the hundreds digit of 10964?
9
What is the hundreds digit of 308?
3
What is the units digit of 9009?
9
What is the thousands digit of 12274?
2
What is the hundreds digit of 6828?
8
What is the hundreds digit of 3675?
6
What is the hundreds digit of 13479?
4
What is the thousands digit of 30348?
0
What is the units digit of 864?
4
What is the hundreds digit of 9055?
0
What is the units digit of 45835?
5
What is the hundreds digit of 922?
9
What is the tens digit of 144?
4
What is the ten thousands digit of 27641?
2
What is the units digit of 110293?
3
What is the hundreds digit of 2864?
8
What is the hundreds digit of 4961?
9
What is the units digit of 1149?
9
What is the tens digit of 192394?
9
What is the ten thousands digit of 48668?
4
What is the hundreds digit of 6671?
6
What is the thousands digit of 3242?
3
What is the hundreds digit of 1201?
2
What is the units digit of 1144?
4
What is the tens digit of 728?
2
What is the hundreds digit of 3012?
0
What is the hundreds digit of 1406?
4
What is the thousands digit of 5444?
5
What is the hundreds digit of 23784?
7
What is the ten thousands digit of 31543?
3
What is the tens digit of 585?
8
What is the units digit of 2632?
2
What is the tens digit of 10027?
2
What is the units digit of 31837?
7
What is the units digit of 20682?
2
What is the hundreds digit of 1118?
1
What is the hundreds digit of 4585?
5
What is the hundreds digit of 74574?
5
What is the hundreds digit of 2709?
7
What is the thousands digit of 3548?
3
What is the units digit of 1069?
9
What is the ten thousands digit of 43752?
4
What is the tens digit of 289?
8
What is the ten thousands digit of 12249?
1
What is the tens digit of 10287?
8
What is the ten thousands digit of 18234?
1
What is the thousands digit of 1566?
1
What is the tens digit of 3908?
0
What is the tens digit of 476?
7
What is the hundreds digit of 2423?
4
What is the hundreds digit of 4411?
4
What is the hundreds digit of 9277?
2
What is the hundreds digit of 12854?
8
What is the units digit of 2338?
8
What is the thousands digit of 13174?
3
What is the units digit of 6495?
5
What is the tens digit of 4230?
3
What is the thousands digit of 2108?
2
What is the hundreds digit of 30686?
6
What is the ten thousands digit of 15012?
1
What is the hundreds digit of 74016?
0
What is the units digit of 6299?
9
What is the units digit of 259?
9
What is the thousands digit of 5565?
5
What is the tens digit of 1057?
5
What is the tens digit of 11400?
0
What is the hundreds digit of 986?
9
What is the units digit of 34845?
5
What is the ten thousands digit of 24209?
2
What is the tens digit of 4479?
7
What is the thousands digit of 17415?
7
What is the thousands digit of 6545?
6
What is the units digit of 42849?
9
What is the tens digit of 3373?
7
What is the units digit of 17167?
7
What is the tens digit of 140443?
4
What is the thousands digit of 1123?
1
What is the thousands digit of 35676?
5
What is the hundreds digit of 539?
5
What is the units digit of 3628?
8
What is the tens digit of 16891?
9
What is the tens digit of 105172?
7
What is the thousands digit of 8355?
8
What is the units digit of 1103?
3
What is the hundreds digit of 29524?
5
What is the ten thousands digit of 103353?
0
What is the thousands digit of 14421?
4
What is the tens digit of 4328?
2
What is the hundreds digit of 8092?
0
What is the hundreds digit of 450?
4
What is the tens digit of 40405?
0
What is the thousands digit of 14656?
4
What is the hundreds digit of 55069?
0
What is the thousands digit of 2607?
2
What is the hundreds digit of 7234?
2
What is the units digit of 612?
2
What is the units digit of 4919?
9
What is the thousands digit of 5979?
5
What is the thousands digit of 48819?
8
What is the thousands digit of 5831?
5
What is the ten thousands digit of 55915?
5
What is the thousands digit of 3238?
3
What is the ten thousands digit of 126763?
2
What is the units digit of 15607?
7
What is the tens digit of 124?
2
What is the thousands digit of 31066?
1
What is the thousands digit of 1189?
1
What is the tens digit of 42582?
8
What is the units digit of 245?
5
What is the hundreds digit of 1177?
1
What is the hundreds digit of 21717?
7
What is the tens digit of 9928?
2
What is the hundreds digit of 8652?
6
What is the ten thousands digit of 139192?
3
What is the hundred thousands digit of 109207?
1
What is the hundreds digit of 5659?
6
What is the ten thousands digit of 72590?
7
What is the tens digit of 6456?
5
What is the thousands digit of 1640?
1
What is the hundreds digit of 1552?
5
What is the tens digit of 271?
7
What is the thousands digit of 4195?
4
What is the tens digit of 94074?
7
What is the tens digit of 8146?
4
What is the tens digit of 16337?
3
What is the hundreds digit of 806?
8
What is the units digit of 17082?
2
What is the thousands digit of 10147?
0
What is the units digit of 1183?
3
What is the units digit of 2398?
8
What is the thousands digit of 23104?
3
What is the tens digit of 21358?
5
What is the hundreds digit of 524?
5
What is the units digit of 15747?
7
What is the hundreds digit of 5011?
0
What is the hundreds digit of 6054?
0
What is the ten thousands digit of 37570?
3
What is the tens digit of 39631?
3
What is the units digit of 3753?
3
What is the thousands digit of 6173?
6
What is the units digit of 39?
9
What is the units digit of 747?
7
What is the units digit of 12195?
5
What is the units digit of 834?
4
What is the thousands digit of 6365?
6
What is the tens digit of 3241?
4
What is the units digit of 933?
3
What is the thousands digit of 1846?
1
What is the hundreds digit of 6268?
2
What is the hundreds digit of 947?
9
What is the tens digit of 3496?
9
What is the tens digit of 1795?
9
What is the hundreds digit of 5057?
0
What is the tens digit of 14395?
9
What is the tens digit of 39924?
2
What is the units digit of 1217?
7
What is the hundreds digit of 90708?
7
What is the ten thousands digit of 110950?
1
What is the hundreds digit of 732?
7
What is the units digit of 2259?
9
What is the units digit of 1460?
0
What is the hundreds digi